{"id":9,"date":"2025-04-03T15:27:57","date_gmt":"2025-04-03T13:27:57","guid":{"rendered":"https:\/\/bppragapd.pl\/bip\/?page_id=9"},"modified":"2026-01-19T14:53:51","modified_gmt":"2026-01-19T13:53:51","slug":"rejestrator-zmian-tresci","status":"publish","type":"page","link":"https:\/\/bppragapd.pl\/bip\/rejestrator-zmian-tresci\/","title":{"rendered":"Rejestrator zmian tre\u015bci"},"content":{"rendered":"\n<div  class=\"modified-history\">\n    <ul class=\"modified-history__list\">\n                                    <li class=\"modified-history__item\">\n                    <div>\n                        <span class=\"modified-history__date\">14.04.2026 09:32,<\/span>\n                        <span class=\"modified-history__editor\">Katarzyna Chaci\u0144ska<\/span>\n                    <\/div>\n                    <div class='modified-history__action-wrapper'>\n                        <span class=\"modified-history__action\">Edycja strony: <\/span>\n                        <a href=\"https:\/\/bppragapd.pl\/bip\/sprawozdania\/\" class=\"modified-history__title\">\n                            Sprawozdania                        <\/a>\n                    <\/div>\n\n                                            <div class=\"modified-history__changes\">\n                            13.01.2026 &#8211; dodano Uchwa\u0142\u0119 nr 1281\/2025 Zarz\u0105du Dzielnicy Praga-Po\u0142udnie Miasta Sto\u0142ecznego Warszawy z 2 kwietnia 2025 r. w sprawie zatwierdzenia sprawozdania finansowego Biblioteki Publicznej im. Zygmunta Jana Rumla w Dzielnicy Praga-Po\u0142udnie m.st. Warszawy za rok 2024. (dokument PDF)                        <\/div>\n                                    <\/li>\n                            <li class=\"modified-history__item\">\n                    <div>\n                        <span class=\"modified-history__date\">02.04.2026 16:11,<\/span>\n                        <span class=\"modified-history__editor\">Katarzyna Chaci\u0144ska<\/span>\n                    <\/div>\n                    <div class='modified-history__action-wrapper'>\n                        <span class=\"modified-history__action\">Edycja strony: <\/span>\n                        <a href=\"https:\/\/bppragapd.pl\/bip\/zarzadzenia-z-roku-2026\/\" class=\"modified-history__title\">\n                            Zarz\u0105dzenia z roku 2026                        <\/a>\n                    <\/div>\n\n                                            <div class=\"modified-history__changes\">\n                            26.01.2026 &#8211; Dodano Aneks Nr 1 z dnia 26 stycznia 2026 do Zarz\u0105dzenia Nr 50\/2024 z 27 grudnia 2024; \r\n27.03.2026 &#8211; Dodano Zarz\u0105dzenie Nr 15 z 23 marca 2026                        <\/div>\n                                    <\/li>\n                            <li class=\"modified-history__item\">\n                    <div>\n                        <span class=\"modified-history__date\">13.03.2026 10:04,<\/span>\n                        <span class=\"modified-history__editor\">Grzegorz Krolikowski<\/span>\n                    <\/div>\n                    <div class='modified-history__action-wrapper'>\n                        <span class=\"modified-history__action\">Edycja strony: <\/span>\n                        <a href=\"https:\/\/bppragapd.pl\/bip\/ogloszenia-o-naborze\/\" class=\"modified-history__title\">\n                            Og\u0142oszenia o naborze                        <\/a>\n                    <\/div>\n\n                                            <div class=\"modified-history__changes\">\n                            13.03.2026 &#8211; Dodano og\u0142oszenie o naborze na stanowisko Specjalisty\/tki ds. Administrowania Nieruchomo\u015bciami, Remont\u00f3w i Inwestycji;\r\n25.02.2026 &#8211; Dodano og\u0142oszenie o naborze na stanowisko M\u0142odszego Bibliotekarza;\r\n12.09.2025 &#8211; Dodano og\u0142oszenie o naborze na stanowisko Inspektora ds. BHP;\r\n\r\n08.09.2025 &#8211; Dodano og\u0142oszenie o naborze na stanowisko Specjalistki \/ Specjalisty ds. kadr i p\u0142ac;\r\n27.08.2025 &#8211; Dodano og\u0142oszenie o naborze na stanowisko  M\u0142odszego Bibliotekarza;\r\n26.08.2025 &#8211; Dodano og\u0142oszenie o naborze na stanowisko Specjalisty\/tki ds. Administrowania Nieruchomo\u015bciami, Remont\u00f3w i Inwestycji;\r\n17.07.2025 &#8211; Dodano og\u0142oszenia o naborze na stanowisko G\u0142\u00f3wnego Ksi\u0119gowego oraz starszego specjalisty\/starszej specjalistki ds. ksi\u0119gowych;\r\n\r\nPrzeniesiono do og\u0142osze\u0144 archiwalnych og\u0142oszenia o naborze na stanowiska: Kierownika Dzia\u0142u Organizacyjno-Administracyjnego\r\nDodano og\u0142oszenia o naborze na stanowiska Kierownika Dzia\u0142u Kadr i P\u0142ac oraz m\u0142odszego bibliotekarza\r\n                        <\/div>\n                                    <\/li>\n                            <li class=\"modified-history__item\">\n                    <div>\n                        <span class=\"modified-history__date\">30.01.2026 15:11,<\/span>\n                        <span class=\"modified-history__editor\">Katarzyna Chaci\u0144ska<\/span>\n                    <\/div>\n                    <div class='modified-history__action-wrapper'>\n                        <span class=\"modified-history__action\">Edycja strony: <\/span>\n                        <a href=\"https:\/\/bppragapd.pl\/bip\/przetargi-archiwalna\/\" class=\"modified-history__title\">\n                            Przetargi (archiwalna)                        <\/a>\n                    <\/div>\n\n                                            <div class=\"modified-history__changes\">\n                            30.01.2026 &#8211; dodano informacj\u0119 o zmianie formy prowadzenia przetarg\u00f3w.                        <\/div>\n                                    <\/li>\n                            <li class=\"modified-history__item\">\n                    <div>\n                        <span class=\"modified-history__date\">30.01.2026 08:51,<\/span>\n                        <span class=\"modified-history__editor\">Katarzyna Chaci\u0144ska<\/span>\n                    <\/div>\n                    <div class='modified-history__action-wrapper'>\n                        <span class=\"modified-history__action\">Edycja strony: <\/span>\n                        <a href=\"https:\/\/bppragapd.pl\/bip\/majatek\/\" class=\"modified-history__title\">\n                            Maj\u0105tek                        <\/a>\n                    <\/div>\n\n                                            <div class=\"modified-history__changes\">\n                            30.01.2026 dodano aktualne informacje na temat maj\u0105tku biblioteki na koniec 2025 roku.                         <\/div>\n                                    <\/li>\n                            <li class=\"modified-history__item\">\n                    <div>\n                        <span class=\"modified-history__date\">26.01.2026 17:22,<\/span>\n                        <span class=\"modified-history__editor\">Grzegorz Krolikowski<\/span>\n                    <\/div>\n                    <div class='modified-history__action-wrapper'>\n                        <span class=\"modified-history__action\">Edycja strony: <\/span>\n                        <a href=\"https:\/\/bppragapd.pl\/bip\/regulaminy\/\" class=\"modified-history__title\">\n                            Regulaminy                        <\/a>\n                    <\/div>\n\n                                            <div class=\"modified-history__changes\">\n                            26.01.2026 &#8211; dodano Aneks Nr 1 z dnia 26 stycznia 2026 do Zarz\u0105dzenia Nr 50\/2024 z 27 grudnia 2024 \r\n23.01.2026 &#8211; dodano Regulamin udzielania zam\u00f3wie\u0144 publicznych, kt\u00f3rych warto\u015b\u0107 nie przekracza kwoty 170 000 z\u0142 netto, do kt\u00f3rych nie stosuje si\u0119 przepis\u00f3w ustawy &#8211; Prawo zam\u00f3wie\u0144 publicznych\r\n10.10.2025 &#8211; dodano Regulamin Zak\u0142adowego Funduszu \u015awiadcze\u0144 Socjalnych w Bibliotece Publicznej im. Zygmunta Jana Rumla w Dzielnicy Praga-Po\u0142udnie m.st. Warszawy;\r\n30.09.2025 &#8211; dodano Regulamin Galerii S\u0142onecznej i Galerii Ksi\u0119\u017cycowej w Bibliotece Publicznej im. Zygmunta Jana Rumla w Dzielnicy Praga-Po\u0142udnie m.st. Warszawy;\r\n09.09.2025 &#8211; dodano nowy Regulamin wypo\u017cyczania urz\u0105dze\u0144 z Wypo\u017cyczalni Ksi\u0105\u017cki M\u00f3wionej i Multimedi\u00f3w Biblioteki Publicznej im. Zygmunta Jana Rumla w Dzielnicy Praga-Po\u0142udnie m.st. Warszawy                        <\/div>\n                                    <\/li>\n                            <li class=\"modified-history__item\">\n                    <div>\n                        <span class=\"modified-history__date\">23.01.2026 15:21,<\/span>\n                        <span class=\"modified-history__editor\">Grzegorz Krolikowski<\/span>\n                    <\/div>\n                    <div class='modified-history__action-wrapper'>\n                        <span class=\"modified-history__action\">Edycja strony: <\/span>\n                        <a href=\"https:\/\/bppragapd.pl\/bip\/zarzadzenia-z-roku-2025\/\" class=\"modified-history__title\">\n                            Zarz\u0105dzenia z roku 2025                        <\/a>\n                    <\/div>\n\n                                            <div class=\"modified-history__changes\">\n                            23.01.2026 &#8211; Dodano Zarz\u0105dzenie nr 60\/2025;\r\n24.11.2025 &#8211; Dodano Zarz\u0105dzenie Nr 55\/2025;\r\n10.10.2025 &#8211; Dodano Zarz\u0105dzenie Nr 52\/2025;\r\n30.09.2025 &#8211; Dodano Zarz\u0105dzenie Nr 48\/2025;\r\n09.09.2025 &#8211; Dodano zarz\u0105dzenia nr 33, 35, 41;\r\n04.07.2025 &#8211; Dodano zarz\u0105dzenia Nr 24, 28, 30 i 31;                        <\/div>\n                                    <\/li>\n                            <li class=\"modified-history__item\">\n                    <div>\n                        <span class=\"modified-history__date\">22.01.2026 10:54,<\/span>\n                        <span class=\"modified-history__editor\">Katarzyna Chaci\u0144ska<\/span>\n                    <\/div>\n                    <div class='modified-history__action-wrapper'>\n                        <span class=\"modified-history__action\">Edycja strony: <\/span>\n                        <a href=\"https:\/\/bppragapd.pl\/bip\/plany-pracy\/\" class=\"modified-history__title\">\n                            Plany pracy                        <\/a>\n                    <\/div>\n\n                                            <div class=\"modified-history__changes\">\n                            22.01.2026. Dodano Plan pracy na rok 2026.                        <\/div>\n                                    <\/li>\n                            <li class=\"modified-history__item\">\n                    <div>\n                        <span class=\"modified-history__date\">22.01.2026 10:53,<\/span>\n                        <span class=\"modified-history__editor\">Katarzyna Chaci\u0144ska<\/span>\n                    <\/div>\n                    <div class='modified-history__action-wrapper'>\n                        <span class=\"modified-history__action\">Edycja strony: <\/span>\n                        <a href=\"https:\/\/bppragapd.pl\/bip\/archiwum-zakladowe\/\" class=\"modified-history__title\">\n                            Archiwum zak\u0142adowe                        <\/a>\n                    <\/div>\n\n                                            <div class=\"modified-history__changes\">\n                            22.01.2026. Uaktualniono nazw\u0119 Dzia\u0142u oraz imi\u0119 i nazwisko osoby odpowiedzialnej za archiwum.                        <\/div>\n                                    <\/li>\n                        <\/ul>\n\n    <\/div>","protected":false},"excerpt":{"rendered":"","protected":false},"author":2,"featured_media":0,"parent":0,"menu_order":0,"comment_status":"closed","ping_status":"closed","template":"","meta":{"_acf_changed":false,"footnotes":""},"class_list":["post-9","page","type-page","status-publish","hentry"],"acf":[],"_links":{"self":[{"href":"https:\/\/bppragapd.pl\/bip\/wp-json\/wp\/v2\/pages\/9","targetHints":{"allow":["GET"]}}],"collection":[{"href":"https:\/\/bppragapd.pl\/bip\/wp-json\/wp\/v2\/pages"}],"about":[{"href":"https:\/\/bppragapd.pl\/bip\/wp-json\/wp\/v2\/types\/page"}],"author":[{"embeddable":true,"href":"https:\/\/bppragapd.pl\/bip\/wp-json\/wp\/v2\/users\/2"}],"replies":[{"embeddable":true,"href":"https:\/\/bppragapd.pl\/bip\/wp-json\/wp\/v2\/comments?post=9"}],"version-history":[{"count":5,"href":"https:\/\/bppragapd.pl\/bip\/wp-json\/wp\/v2\/pages\/9\/revisions"}],"predecessor-version":[{"id":467,"href":"https:\/\/bppragapd.pl\/bip\/wp-json\/wp\/v2\/pages\/9\/revisions\/467"}],"wp:attachment":[{"href":"https:\/\/bppragapd.pl\/bip\/wp-json\/wp\/v2\/media?parent=9"}],"curies":[{"name":"wp","href":"https:\/\/api.w.org\/{rel}","templated":true}]}}