{"id":45,"date":"2025-04-03T15:35:02","date_gmt":"2025-04-03T13:35:02","guid":{"rendered":"https:\/\/bppragapd.pl\/bip\/?page_id=45"},"modified":"2025-05-09T11:04:20","modified_gmt":"2025-05-09T09:04:20","slug":"oswiadczenia-majatkowe","status":"publish","type":"page","link":"https:\/\/bppragapd.pl\/bip\/oswiadczenia-majatkowe\/","title":{"rendered":"O\u015bwiadczenia maj\u0105tkowe"},"content":{"rendered":"\n<p><\/p>\n\n\n\n<h1 class=\"wp-block-heading\">O\u015bwiadczenia maj\u0105tkowe<\/h1>\n\n\n\n<p><\/p>\n\n\n\n<p>O\u015bwiadczenia maj\u0105tkowe dyrektora niniejszej jednostki organizacyjnej dost\u0119pne s\u0105 na stronie Biuletynu Informacji Publicznej m. st. Warszawy\u00a0 &#8211;\u00a0<a href=\"https:\/\/bip.warszawa.pl\/oswiadczenia-majatkowe?p_p_id=web_content_search_portlet_INSTANCE_xgdl&amp;p_p_lifecycle=0&amp;p_p_state=normal&amp;p_p_mode=view&amp;_web_content_search_portlet_INSTANCE_xgdl_mvcPath=%2Fview.jsp&amp;_web_content_search_portlet_INSTANCE_xgdl_orderByType=desc&amp;_web_content_search_portlet_INSTANCE_xgdl_district=46391&amp;_web_content_search_portlet_INSTANCE_xgdl_topic=Wszystko&amp;_web_content_search_portlet_INSTANCE_xgdl_cur=1\" target=\"_blank\" rel=\"noreferrer noopener\"><mark style=\"background-color:rgba(0, 0, 0, 0)\" class=\"has-inline-color has-primary-color\">link<\/mark><\/a><\/p>\n\n\n\n<p><\/p>\n","protected":false},"excerpt":{"rendered":"<p>O\u015bwiadczenia maj\u0105tkowe O\u015bwiadczenia maj\u0105tkowe dyrektora niniejszej jednostki organizacyjnej dost\u0119pne s\u0105 na stronie Biuletynu Informacji Publicznej m. st. Warszawy\u00a0 &#8211;\u00a0link<\/p>\n","protected":false},"author":2,"featured_media":0,"parent":0,"menu_order":0,"comment_status":"closed","ping_status":"closed","template":"","meta":{"_acf_changed":false,"footnotes":""},"class_list":["post-45","page","type-page","status-publish","hentry"],"acf":[],"_links":{"self":[{"href":"https:\/\/bppragapd.pl\/bip\/wp-json\/wp\/v2\/pages\/45","targetHints":{"allow":["GET"]}}],"collection":[{"href":"https:\/\/bppragapd.pl\/bip\/wp-json\/wp\/v2\/pages"}],"about":[{"href":"https:\/\/bppragapd.pl\/bip\/wp-json\/wp\/v2\/types\/page"}],"author":[{"embeddable":true,"href":"https:\/\/bppragapd.pl\/bip\/wp-json\/wp\/v2\/users\/2"}],"replies":[{"embeddable":true,"href":"https:\/\/bppragapd.pl\/bip\/wp-json\/wp\/v2\/comments?post=45"}],"version-history":[{"count":3,"href":"https:\/\/bppragapd.pl\/bip\/wp-json\/wp\/v2\/pages\/45\/revisions"}],"predecessor-version":[{"id":254,"href":"https:\/\/bppragapd.pl\/bip\/wp-json\/wp\/v2\/pages\/45\/revisions\/254"}],"wp:attachment":[{"href":"https:\/\/bppragapd.pl\/bip\/wp-json\/wp\/v2\/media?parent=45"}],"curies":[{"name":"wp","href":"https:\/\/api.w.org\/{rel}","templated":true}]}}