{"id":43,"date":"2025-04-03T15:34:45","date_gmt":"2025-04-03T13:34:45","guid":{"rendered":"https:\/\/bppragapd.pl\/bip\/?page_id=43"},"modified":"2026-04-14T09:32:48","modified_gmt":"2026-04-14T07:32:48","slug":"sprawozdania","status":"publish","type":"page","link":"https:\/\/bppragapd.pl\/bip\/sprawozdania\/","title":{"rendered":"Sprawozdania"},"content":{"rendered":"\n<p><\/p>\n\n\n\n<h1 class=\"wp-block-heading\">Sprawozdania<\/h1>\n\n\n\n<p><a href=\"https:\/\/bppragapd.pl\/bip\/wp-content\/uploads\/2026\/04\/skan_uchwala-sprawozdawcza-za-2025-Biblioteka.pdf\">Uchwa\u0142a nr 3101\/2026 Zarz\u0105du Dzielnicy Praga-Po\u0142udnie Miasta Sto\u0142ecznego Warszawy z 8 kwietnia 2026 r. w sprawie zatwierdzenia sprawozdania finansowego Biblioteki Publicznej im. Zygmunta Jana Rumla w Dzielnicy Praga-Po\u0142udnie m.st. Warszawy za rok 2025. (dokument PDF)<\/a><\/p>\n\n\n\n<p><a href=\"https:\/\/bppragapd.pl\/bip\/wp-content\/uploads\/2026\/03\/SPRAWOZDANIE-2025-1-skompresowany.pdf\">Sprawozdanie z dzia\u0142alno\u015bci Biblioteki Publicznej im. Zygmunta Jana Rumla w Dzielnicy Praga-Po\u0142udnie m.st. Warszawy za 2025 r<\/a><\/p>\n\n\n\n<p><a href=\"https:\/\/bppragapd.pl\/bip\/wp-content\/uploads\/2026\/01\/Uchwala-Zatwierdzenie.pdf\" target=\"_blank\" rel=\"noreferrer noopener\">Uchwa\u0142a nr 1281\/2025 Zarz\u0105du Dzielnicy Praga-Po\u0142udnie Miasta Sto\u0142ecznego Warszawy z 2 kwietnia 2025 r. w sprawie zatwierdzenia sprawozdania finansowego Biblioteki Publicznej im. Zygmunta Jana Rumla w Dzielnicy Praga-Po\u0142udnie m.st. Warszawy za rok 2024. (dokument PDF)<\/a><\/p>\n\n\n\n<p><a href=\"https:\/\/bppragapd.pl\/bip\/wp-content\/uploads\/2026\/03\/Sprawozdanie-2024-calosc.pdf\">Sprawozdanie z dzia\u0142alno\u015bci Biblioteki Publicznej im. Zygmunta Jana Rumla w Dzielnicy Praga-Po\u0142udnie m.st. Warszawy za 2024 r<\/a><\/p>\n\n\n\n<p><!-- <p><a href=\"https:\/\/bppragapd.pl\/bip\/wp-content\/uploads\/pliki\/sprawozdanie-2024-calosc-1742197644.pdf\">Sprawozdanie z dzia\u0142alno\u015bci Biblitoeki Publicznej im. Zygmunta Jana Rumla w Dzielnicy Praga-Po\u0142udnie m.st. Warszawy za rok 2024<\/a>&nbsp;r.<\/p> --><\/p>\n\n\n\n<p><a href=\"https:\/\/bppragapd.pl\/bip\/wp-content\/uploads\/pliki\/sprawozdanie-2023-calosc-02042024-1713449986.pdf\">Sprawozdanie z dzia\u0142alno\u015bci Biblioteki Publicznej im. Zygmunta Jana Rumla w Dzielnicy Praga-Po\u0142udnie m.st. Warszawy za 2023 r.<\/a><\/p>\n\n\n\n<ul class=\"wp-block-list\">\n<li><a href=\"https:\/\/bppragapd.pl\/bip\/wp-content\/uploads\/pliki\/prezentacja-malowanie-i-wymiana-oswietlenia-2-1713450038.pdf\">Modernizacja o\u015bwietlenia i od\u015bwie\u017canie przestrzeni w filiach Biblioteki Publicznej im. Z. J. Rumla w Dzielnicy Praga-Po\u0142udnie m.st. Warszawy, listopad 2023 \u2013 stycze\u0144 2024<\/a><\/li>\n<\/ul>\n\n\n\n<p><a href=\"https:\/\/bppragapd.pl\/bip\/wp-content\/uploads\/pliki\/81522024-1713366993.pdf\">Sprawozdanie finansowe Biblioteki Publicznej im. Zygmunta Jana Rumla w Dzielnicy Praga-Po\u0142udnie m.st. Warszawy na dzie\u0144 31 grudnia 2022&nbsp;r.<\/a>&nbsp;<\/p>\n\n\n\n<p><a href=\"https:\/\/bppragapd.pl\/bip\/wp-content\/uploads\/pliki\/sprawozdanie2022-1693389063.pdf\">Sprawozdanie z dzia\u0142alno\u015bci Biblioteki Publicznej im. Zygmunta Jana Rumla w Dzielnicy Praga-Po\u0142udnie m. st. Warszawy za&nbsp;2022 rok<\/a><\/p>\n\n\n\n<p><a href=\"https:\/\/bppragapd.pl\/bip\/wp-content\/uploads\/pliki\/sprawozdaniezdzialalnoscirok2021-1663085406.pdf\" target=\"_blank\" rel=\"noreferrer noopener\">Sprawozdanie z dzia\u0142alno\u015bci Biblioteki Publicznej im. Zygmunta Jana Rumla w Dzielnicy Praga-Po\u0142udnie m. st. Warszawy za&nbsp;2021 rok<\/a><\/p>\n\n\n\n<p><a href=\"https:\/\/bppragapd.pl\/bip\/wp-content\/uploads\/pliki\/sprawozdaniezdzialalnoscibibliotekizarok2020-1618918387.pdf\" target=\"_blank\" rel=\"noreferrer noopener\">Sprawozdanie z dzia\u0142alno\u015bci Biblioteki Publicznej im. Zygmunta Jana Rumla w Dzielnicy Praga-Po\u0142udnie m. st. Warszawy za&nbsp;2020 rok<\/a><\/p>\n\n\n\n<p><a href=\"https:\/\/bppragapd.pl\/bip\/wp-content\/uploads\/pliki\/raport-o-stanie-zapewnienia-dostepnosci-podmiotu-publicznego-1612449104.pdf\">Raport o stanie zapewnienia dost\u0119pno\u015bci podmiotu publicznego. Stan w dniu 01.01.2021 r.<\/a><\/p>\n\n\n\n<p><a href=\"https:\/\/bppragapd.pl\/bip\/wp-content\/uploads\/pliki\/sprawozdaniezdzialalnoscibibliotekipublicznejimzjrumlawdzielnicypragapoludniemstwarszawy-1582808212.pdf\" target=\"_blank\" rel=\"noreferrer noopener\">Sprawozdanie z dzia\u0142alno\u015bci Biblioteki Publicznej im. Zygmunta Jana Rumla w Dzielnicy Praga-Po\u0142udnie m. st. Warszawy za&nbsp;2019&nbsp;rok<\/a><\/p>\n\n\n\n<p><a href=\"https:\/\/bppragapd.pl\/bip\/wp-content\/uploads\/pliki\/sprawozdanie-za-rok-2018-1551179740.pdf\" target=\"_blank\" rel=\"noreferrer noopener\">Sprawozdanie z dzia\u0142alno\u015bci Biblioteki Publicznej im. Zygmunta Jana Rumla w Dzielnicy Praga-Po\u0142udnie m. st. Warszawy za&nbsp;2018&nbsp;rok<\/a><\/p>\n\n\n\n<p><a href=\"https:\/\/bppragapd.pl\/bip\/wp-content\/uploads\/pliki\/sprawozdanie-z-dzialalnosci-biblioteki-za-rok-2017-1525443093.pdf\" target=\"_blank\" rel=\"noreferrer noopener\">Sprawozdanie z dzia\u0142alno\u015bci Biblioteki Publicznej im. Zygmunta Jana Rumla w Dzielnicy Praga-Po\u0142udnie m. st. Warszawy za&nbsp;2017&nbsp;rok<\/a><\/p>\n\n\n\n<p><a href=\"https:\/\/bppragapd.pl\/bip\/wp-content\/uploads\/pliki\/sprawozdanie-z-dzialalnosci-biblioteki-za-rok-2016-1533195678.pdf\" target=\"_blank\" rel=\"noreferrer noopener\">Sprawozdanie z dzia\u0142alno\u015bci Biblioteki Publicznej im. Zygmunta Jana Rumla w Dzielnicy Praga-Po\u0142udnie m. st. Warszawy za 2016&nbsp;rok<\/a><\/p>\n\n\n\n<p><a href=\"https:\/\/bppragapd.pl\/bip\/wp-content\/uploads\/pliki\/sprawozdanie-z-dzialalnosci-biblioteki-za-rok-2015-1533195703.pdf\" target=\"_blank\" rel=\"noreferrer noopener\">Sprawozdanie z dzia\u0142alno\u015bci Biblioteki Publicznej im. Zygmunta Jana Rumla w Dzielnicy Praga-Po\u0142udnie m. st. Warszawy za 2015&nbsp;rok<\/a><\/p>\n\n\n\n<p><a href=\"https:\/\/bppragapd.pl\/bip\/wp-content\/uploads\/pliki\/sprawozdanie-z-dzialalnosci-biblioteki-za-rok-2014-1533195740.pdf\" target=\"_blank\" rel=\"noreferrer noopener\">Sprawozdanie z dzia\u0142alno\u015bci Biblioteki Publicznej im. Zygmunta Jana Rumla w Dzielnicy Praga-Po\u0142udnie m. st. Warszawy za 2014&nbsp;rok<\/a><\/p>\n\n\n\n<p><a href=\"https:\/\/bppragapd.pl\/bip\/wp-content\/uploads\/pliki\/sprawozdanie-z-dzialalnosci-biblioteki-za-rok-2013-1533195772.pdf\" target=\"_blank\" rel=\"noreferrer noopener\">Sprawozdanie z dzia\u0142alno\u015bci Biblioteki Publicznej im. Zygmunta Jana Rumla w Dzielnicy Praga-Po\u0142udnie m. st. Warszawy za 2013 rok<\/a><\/p>\n\n\n\n<details class=\"wp-block-details has-primary-color has-text-color has-link-color wp-elements-ff5aa13a8da802efeaa8672fae8e805d is-layout-flow wp-block-details-is-layout-flow\"><summary>Za\u0142\u0105czniki:<\/summary>\n<figure class=\"wp-block-table\"><table class=\"has-contrast-color has-text-color has-link-color has-fixed-layout\"><tbody><tr><td><a href=\"https:\/\/bppragapd.pl\/bip\/wp-content\/uploads\/pliki\/sprawozdanie-2024-calosc-1742197644.pdf\" target=\"_blank\" rel=\"noreferrer noopener\">Sprawozdanie za rok 2024<\/a><\/td><\/tr><\/tbody><\/table><\/figure>\n<\/details>\n\n\n\n<p><\/p>\n","protected":false},"excerpt":{"rendered":"<p>Sprawozdania Uchwa\u0142a nr 3101\/2026 Zarz\u0105du Dzielnicy Praga-Po\u0142udnie Miasta Sto\u0142ecznego Warszawy z 8 kwietnia 2026 r. w sprawie zatwierdzenia sprawozdania finansowego Biblioteki Publicznej im. Zygmunta Jana Rumla w Dzielnicy Praga-Po\u0142udnie m.st. Warszawy za rok 2025. (dokument PDF) Sprawozdanie z dzia\u0142alno\u015bci Biblioteki Publicznej im. Zygmunta Jana Rumla w Dzielnicy Praga-Po\u0142udnie m.st. Warszawy za 2025 r Uchwa\u0142a nr [&hellip;]<\/p>\n","protected":false},"author":2,"featured_media":0,"parent":0,"menu_order":0,"comment_status":"closed","ping_status":"closed","template":"","meta":{"_acf_changed":false,"footnotes":""},"class_list":["post-43","page","type-page","status-publish","hentry"],"acf":[],"_links":{"self":[{"href":"https:\/\/bppragapd.pl\/bip\/wp-json\/wp\/v2\/pages\/43","targetHints":{"allow":["GET"]}}],"collection":[{"href":"https:\/\/bppragapd.pl\/bip\/wp-json\/wp\/v2\/pages"}],"about":[{"href":"https:\/\/bppragapd.pl\/bip\/wp-json\/wp\/v2\/types\/page"}],"author":[{"embeddable":true,"href":"https:\/\/bppragapd.pl\/bip\/wp-json\/wp\/v2\/users\/2"}],"replies":[{"embeddable":true,"href":"https:\/\/bppragapd.pl\/bip\/wp-json\/wp\/v2\/comments?post=43"}],"version-history":[{"count":12,"href":"https:\/\/bppragapd.pl\/bip\/wp-json\/wp\/v2\/pages\/43\/revisions"}],"predecessor-version":[{"id":575,"href":"https:\/\/bppragapd.pl\/bip\/wp-json\/wp\/v2\/pages\/43\/revisions\/575"}],"wp:attachment":[{"href":"https:\/\/bppragapd.pl\/bip\/wp-json\/wp\/v2\/media?parent=43"}],"curies":[{"name":"wp","href":"https:\/\/api.w.org\/{rel}","templated":true}]}}