{"id":31,"date":"2025-04-03T15:32:46","date_gmt":"2025-04-03T13:32:46","guid":{"rendered":"https:\/\/bppragapd.pl\/bip\/?page_id=31"},"modified":"2025-04-04T14:14:52","modified_gmt":"2025-04-04T12:14:52","slug":"zadania-biblioteki","status":"publish","type":"page","link":"https:\/\/bppragapd.pl\/bip\/zadania-biblioteki\/","title":{"rendered":"Zadania Biblioteki"},"content":{"rendered":"\n<p><\/p>\n\n\n\n<h1 class=\"wp-block-heading\">Zadania Biblioteki<\/h1>\n\n\n\n<p><\/p>\n\n\n\n<ol class=\"wp-block-list\">\n<li>Odpowiedni dob\u00f3r, gromadzenie, opracowywanie, przechowywanie i udost\u0119pnianie zbior\u00f3w;<\/li>\n\n\n\n<li>Udost\u0119pnianie zbior\u00f3w na miejscu, wypo\u017cyczanie na zewn\u0105trz, prowadzenie wypo\u017cycze\u0144 mi\u0119dzybibliotecznych;<\/li>\n\n\n\n<li>Prowadzenie dzia\u0142alno\u015bci informacyjnej oraz popularyzacji ksi\u0105\u017cek i czytelnictwa;<\/li>\n\n\n\n<li>Opracowywanie bibliograficzne i dokumentacyjne tj. przetwarzanie informacji zawartych w materia\u0142ach bibliotecznych ;<\/li>\n\n\n\n<li>Wyszukiwanie i udzielanie informacji na podstawie baz danych bibliotecznego systemu informacyjno-wyszukiwawczego;<\/li>\n\n\n\n<li>Opracowywanie i prowadzenie form pracy kulturalno-edukacyjnej z czytelnikiem, s\u0142u\u017c\u0105cych popularyzowaniu literatury ,sztuki, nauki oraz upowszechnianiu dorobku kulturalnego;<\/li>\n\n\n\n<li>Wsp\u00f3\u0142dzia\u0142anie z bibliotekami innych sieci, instytucjami i organizacjami w zakresie rozwijania czytelnictwa i zaspokajania potrzeb o\u015bwiatowych i kulturalnych spo\u0142eczno\u015bci lokalnej;<\/li>\n\n\n\n<li>Planowanie i rozliczanie wydatk\u00f3w w zakresie realizowanych zada\u0144;<\/li>\n<\/ol>\n\n\n\n<p><\/p>\n","protected":false},"excerpt":{"rendered":"<p>Zadania Biblioteki<\/p>\n","protected":false},"author":2,"featured_media":0,"parent":0,"menu_order":0,"comment_status":"closed","ping_status":"closed","template":"","meta":{"_acf_changed":false,"footnotes":""},"class_list":["post-31","page","type-page","status-publish","hentry"],"acf":[],"_links":{"self":[{"href":"https:\/\/bppragapd.pl\/bip\/wp-json\/wp\/v2\/pages\/31","targetHints":{"allow":["GET"]}}],"collection":[{"href":"https:\/\/bppragapd.pl\/bip\/wp-json\/wp\/v2\/pages"}],"about":[{"href":"https:\/\/bppragapd.pl\/bip\/wp-json\/wp\/v2\/types\/page"}],"author":[{"embeddable":true,"href":"https:\/\/bppragapd.pl\/bip\/wp-json\/wp\/v2\/users\/2"}],"replies":[{"embeddable":true,"href":"https:\/\/bppragapd.pl\/bip\/wp-json\/wp\/v2\/comments?post=31"}],"version-history":[{"count":2,"href":"https:\/\/bppragapd.pl\/bip\/wp-json\/wp\/v2\/pages\/31\/revisions"}],"predecessor-version":[{"id":167,"href":"https:\/\/bppragapd.pl\/bip\/wp-json\/wp\/v2\/pages\/31\/revisions\/167"}],"wp:attachment":[{"href":"https:\/\/bppragapd.pl\/bip\/wp-json\/wp\/v2\/media?parent=31"}],"curies":[{"name":"wp","href":"https:\/\/api.w.org\/{rel}","templated":true}]}}