{"id":25,"date":"2025-04-03T15:31:28","date_gmt":"2025-04-03T13:31:28","guid":{"rendered":"https:\/\/bppragapd.pl\/bip\/?page_id=25"},"modified":"2025-07-07T16:30:04","modified_gmt":"2025-07-07T14:30:04","slug":"godziny-pracy","status":"publish","type":"page","link":"https:\/\/bppragapd.pl\/bip\/godziny-pracy\/","title":{"rendered":"Godziny pracy"},"content":{"rendered":"\n<p><\/p>\n\n\n\n<h1 class=\"wp-block-heading\">Godziny pracy<\/h1>\n\n\n\n<p>Dyrekcja, dzia\u0142y wewn\u0119trzne centrali:<\/p>\n\n\n\n<ul class=\"wp-block-list\">\n<li>poniedzia\u0142ek: od 08:00&nbsp;do 16:00<\/li>\n\n\n\n<li>wtorek: od 08:00&nbsp;do 16:00<\/li>\n\n\n\n<li>\u015broda: od 08:00&nbsp;do 16:00<\/li>\n\n\n\n<li>czwartek: od 08:00&nbsp;do 16:00<\/li>\n\n\n\n<li>pi\u0105tek: od 08:00&nbsp;do 16:00<\/li>\n<\/ul>\n\n\n\n<p>Godziny pracy czytelni, oddzia\u0142\u00f3w oraz filii bibliotecznych dost\u0119pne s\u0105 na stronie internetowej Biblioteki &#8211;\u00a0<a href=\"https:\/\/bppragapd.pl\/\" target=\"_blank\" rel=\"noreferrer noopener\"><mark style=\"background-color:rgba(0, 0, 0, 0)\" class=\"has-inline-color has-primary-color\">www.bppragapd.pl<\/mark><\/a><\/p>\n\n\n\n<p><\/p>\n","protected":false},"excerpt":{"rendered":"<p>Godziny pracy Dyrekcja, dzia\u0142y wewn\u0119trzne centrali: Godziny pracy czytelni, oddzia\u0142\u00f3w oraz filii bibliotecznych dost\u0119pne s\u0105 na stronie internetowej Biblioteki &#8211;\u00a0www.bppragapd.pl<\/p>\n","protected":false},"author":2,"featured_media":0,"parent":0,"menu_order":0,"comment_status":"closed","ping_status":"closed","template":"","meta":{"_acf_changed":false,"footnotes":""},"class_list":["post-25","page","type-page","status-publish","hentry"],"acf":[],"_links":{"self":[{"href":"https:\/\/bppragapd.pl\/bip\/wp-json\/wp\/v2\/pages\/25","targetHints":{"allow":["GET"]}}],"collection":[{"href":"https:\/\/bppragapd.pl\/bip\/wp-json\/wp\/v2\/pages"}],"about":[{"href":"https:\/\/bppragapd.pl\/bip\/wp-json\/wp\/v2\/types\/page"}],"author":[{"embeddable":true,"href":"https:\/\/bppragapd.pl\/bip\/wp-json\/wp\/v2\/users\/2"}],"replies":[{"embeddable":true,"href":"https:\/\/bppragapd.pl\/bip\/wp-json\/wp\/v2\/comments?post=25"}],"version-history":[{"count":4,"href":"https:\/\/bppragapd.pl\/bip\/wp-json\/wp\/v2\/pages\/25\/revisions"}],"predecessor-version":[{"id":361,"href":"https:\/\/bppragapd.pl\/bip\/wp-json\/wp\/v2\/pages\/25\/revisions\/361"}],"wp:attachment":[{"href":"https:\/\/bppragapd.pl\/bip\/wp-json\/wp\/v2\/media?parent=25"}],"curies":[{"name":"wp","href":"https:\/\/api.w.org\/{rel}","templated":true}]}}