{"id":17,"date":"2025-04-03T15:29:48","date_gmt":"2025-04-03T13:29:48","guid":{"rendered":"https:\/\/bppragapd.pl\/bip\/?page_id=17"},"modified":"2025-06-05T15:28:54","modified_gmt":"2025-06-05T13:28:54","slug":"deklaracja-dostepnosci","status":"publish","type":"page","link":"https:\/\/bppragapd.pl\/bip\/deklaracja-dostepnosci\/","title":{"rendered":"Deklaracja dost\u0119pno\u015bci"},"content":{"rendered":"\n<p><\/p>\n\n\n<h1>Deklaracja dost\u0119pno\u015bci<\/h1>\n<section id=\"a11y-wstep\">\n<p><span id=\"a11y-podmiot\">Biblioteka Publiczna im. Zygmunta Jana Rumla w Dzielnicy Praga-Po\u0142udnie m.st. Warszawy<\/span> zobowi\u0105zuje si\u0119 zapewni\u0107 dost\u0119pno\u015b\u0107 swojej <span id=\"a11y-zakres\">strony internetowej<\/span> zgodnie z ustaw\u0105 z dnia 4 kwietnia 2019 r. o dost\u0119pno\u015bci cyfrowej stron internetowych i aplikacji mobilnych podmiot\u00f3w publicznych.<\/p>\n<p>Deklaracja dost\u0119pno\u015bci dotyczy strony https:\/\/bppragapd.pl\/bip\/.<\/p>\n<\/section>\n<section>\n<ul>\n<li>Data publikacji strony internetowej: <time id=\"a11y-data-publikacja\" datetime=\"2025-06-04\">4 czerwca 2025 r.<\/time><\/li>\n<li>Data ostatniej istotnej aktualizacji: <time id=\"a11y-data-aktualizacja\" datetime=\"2020-06-23\">4 czerwca 2025 r.<\/time><\/li>\n<\/ul>\n<\/section>\n<section>\n<h2>Stan dost\u0119pno\u015bci cyfrowej<\/h2>\n<p id=\"a11y-status\">Ta strona internetowa jest w pe\u0142ni zgodna z za\u0142\u0105cznikiem do ustawy o dost\u0119pno\u015bci cyfrowej z dnia 4 kwietnia 2019 r. o dost\u0119pno\u015bci cyfrowej stron internetowych i aplikacji mobilnych podmiot\u00f3w publicznych.<\/p>\n<\/section>\n<section>\n<h2>Przygotowanie deklaracji dost\u0119pno\u015bci<\/h2>\n<ul>\n<li>Data sporz\u0105dzenia deklaracji: <time id=\"a11y-data-sporzadzenie\" datetime=\"2025-06-04\">4 czerwca 2025 r.<\/time><\/li>\n<li>Data ostatniego przegl\u0105du deklaracji: <time id=\"a11y-data-przeglad\" datetime=\"2025-06-04\">4 czerwca 2025 r.<\/time><\/li>\n<\/ul>\n<p>Deklaracj\u0119 sporz\u0105dzili\u015bmy na podstawie samooceny w oparciu o <a href=\"https:\/\/www.gov.pl\/attachment\/1a3e2bb5-6d60-4897-ac2f-07a8e91e70ed\">List\u0119 kontroln\u0105 do badania dost\u0119pno\u015bci cyfrowej strony internetowej v. 2.2 (docx, 0,12MB)<\/a>.<\/p>\n<\/section>\n<section>\n<h2>Informacje zwrotne i dane kontaktowe<\/h2>\n<p>Wszystkie problemy z dost\u0119pno\u015bci\u0105 cyfrow\u0105 tej strony internetowej mo\u017cesz zg\u0142osi\u0107 do <span id=\"a11y-kontakt\">Grzegorz Kr\u00f3likowski<\/span> &#8211; mejlowo <a id=\"a11y-email\" href=\"mailto:gkrolikowski@bppragapd.pl\">gkrolikowski@bppragapd.pl<\/a> lub telefonicznie <a id=\"a11y-telefon\" href=\"tel:222776116\">22 277 61 16<\/a>.<\/p>\n<p>Ka\u017cdy ma prawo wyst\u0105pi\u0107 z \u017c\u0105daniem zapewnienia dost\u0119pno\u015bci cyfrowej tej strony internetowej lub jej element\u00f3w.<\/p>\n<p>Zg\u0142aszaj\u0105c takie \u017c\u0105danie podaj:<\/p>\n<ul>\n<li>swoje imi\u0119 i nazwisko,<\/li>\n<li>swoje dane kontaktowe (np. numer telefonu, e-mail),<\/li>\n<li>dok\u0142adny adres strony internetowej, na kt\u00f3rej jest niedost\u0119pny cyfrowo element lub tre\u015b\u0107,<\/li>\n<li>opis na czym polega problem i jaki spos\u00f3b jego rozwi\u0105zania by\u0142by dla Ciebie najwygodniejszy.<\/li>\n<\/ul>\n<p>Na Twoje zg\u0142oszenie odpowiemy najszybciej jak to mo\u017cliwe, nie p\u00f3\u017aniej ni\u017c w ci\u0105gu 7 dni od jego otrzymania.<\/p>\n<p>Je\u017celi ten termin b\u0119dzie dla nas zbyt kr\u00f3tki poinformujemy Ci\u0119 o tym. W tej informacji podamy nowy termin, do kt\u00f3rego poprawimy zg\u0142oszone przez Ciebie b\u0142\u0119dy lub przygotujemy informacje w alternatywny spos\u00f3b. Ten nowy termin nie b\u0119dzie d\u0142u\u017cszy ni\u017c 2 miesi\u0105ce.<\/p>\n<p>Je\u017celi nie b\u0119dziemy w stanie zapewni\u0107 dost\u0119pno\u015bci cyfrowej strony internetowej lub tre\u015bci, wskazanej w Twoim \u017c\u0105daniu, zaproponujemy Ci dost\u0119p do nich w alternatywny spos\u00f3b.<\/p>\n<\/section>\n<section id=\"a11y-procedura\">\n<h2>Obs\u0142uga wniosk\u00f3w i skarg zwi\u0105zanych z dost\u0119pno\u015bci\u0105<\/h2>\n<p>Je\u017celi w odpowiedzi na Tw\u00f3j wniosek o zapewnienie dost\u0119pno\u015bci cyfrowej, odm\u00f3wimy zapewnienia \u017c\u0105danej przez Ciebie dost\u0119pno\u015bci cyfrowej, a Ty nie zgadzasz si\u0119 z t\u0105 odmow\u0105, masz prawo z\u0142o\u017cy\u0107 skarg\u0119.<\/p>\n<p>Skarg\u0119 masz prawo z\u0142o\u017cy\u0107 tak\u017ce, je\u015bli nie zgadzasz si\u0119 na skorzystanie z alternatywnego sposobu dost\u0119pu, kt\u00f3ry zaproponowali\u015bmy Ci w odpowiedzi na Tw\u00f3j wniosek o zapewnienie dost\u0119pno\u015bci cyfrowej.<\/p>\n<p>Ewentualn\u0105 skarg\u0119 z\u0142\u00f3\u017c listownie lub mailem do kierownictwa naszego urz\u0119du:<\/p>\n<ul>\n<li><span id=\"a11y-procedura-kierownik\">Iwona Kaczorowska &#8211; Dyrektor Biblioteki Publicznej im. Zygmunta Jana Rumla w Dzielnicy Praga-Po\u0142udnie m.st. Warszawy<\/span>,<\/li>\n<li>Adres: <span id=\"a11y-procedura-adres\">Jana Nowaka-Jeziora\u0144skiego 24, 03-982 Warszawa<\/span>,<\/li>\n<li>mejl: <a id=\"a11y-procedura-email\" href=\"mailto:dyrekcja@bppragapd.pl\">dyrekcja@bppragapd.pl<\/a>.<\/li>\n<\/ul>\n<p><a href=\"https:\/\/www.gov.pl\/web\/gov\/zloz-wniosek-o-zapewnienie-dostepnosci-cyfrowej-strony-internetowej-lub-aplikacji-mobilnej\">Pomocne mog\u0105 by\u0107 informacje, kt\u00f3re mo\u017cna znale\u017a\u0107 na rz\u0105dowym portalu gov.pl<\/a>.<\/p>\n<p>Mo\u017cesz tak\u017ce poinformowa\u0107 o tej sytuacji <a href=\"https:\/\/bip.brpo.gov.pl\/\">Rzecznika Praw Obywatelskich<\/a> i poprosi\u0107 o interwencj\u0119 w Twojej sprawie.<\/p>\n<\/section>\n<section>\n<h2>Pozosta\u0142e informacje<\/h2>\n<section id=\"a11y-architektura\">\n<h3>Dost\u0119pno\u015b\u0107 architektoniczna<\/h3>\n<section>\n<h4>G\u0142\u00f3wna siedziba Biblioteki oraz filie przy ul. J. Nowaka-Jeziora\u0144skiego 24<\/h4>\n<address>\n<div>Jana Nowaka Jeziora\u0144skiego 24<\/div>\n<div>03-982 Warszawa<\/div>\n<\/address>\n<p>4 oznakowane miejsca dla os\u00f3b niepe\u0142nosprawnych<br \/>Wej\u015bcie do budynku mo\u017cliwe jest z poziomu chodnika<br \/>Dost\u0119p do windy<br \/>\u0141azienka dostosowana jest do potrzeb os\u00f3b z niepe\u0142nosprawno\u015bciami<br \/>Mo\u017cliwo\u015b\u0107 wst\u0119pu z psem asystuj\u0105cym<br \/>Mo\u017cliwo\u015b\u0107 skorzystania z t\u0142umacza j\u0119zyka migowego online.<\/p>\n<\/section>\n<section>\n<h4>Filie przy ul. Meissnera 5 (Biblioteka dla Dzieci i M\u0142odzie\u017cy nr 2 oraz Wypo\u017cyczalnia dla Doros\u0142ych i M\u0142odzie\u017cy nr 19)<\/h4>\n<address>\n<div>Meissnera 5<\/div>\n<div>03-982 Warszawa<\/div>\n<\/address>\n<p>Obok Biblioteki s\u0105 wyznaczone dwa miejsca parkingowe dla os\u00f3b z niepe\u0142nosprawno\u015bciami<br \/>Przed Bibliotek\u0105 znajduje si\u0119 podjazd dla w\u00f3zk\u00f3w inwalidzkich<br \/>Przed wej\u015bciem do wypo\u017cyczalni nale\u017cy przej\u015b\u0107 przez korytarz<br \/>Dost\u0119p do windy<br \/>\u0141azienka dostosowana do os\u00f3b z niepe\u0142nosprawno\u015bciami<br \/>Mo\u017cliwy wst\u0119p z psem asystuj\u0105cym<br \/>Mo\u017cliwo\u015b\u0107 skorzystania z t\u0142umacza j\u0119zyka migowego online.<\/p>\n<\/section>\n<section>\n<h4>Filia przy ul. Walewskiej 7a (Biblioteka dla Dzieci i M\u0142odzie\u017cy nr 16)<\/h4>\n<address>\n<div>Walewska 7a<\/div>\n<div>04-022 Warszawa<\/div>\n<\/address>\n<p>Brak wydzielonego miejsca parkingowego dla os\u00f3b z niepe\u0142nosprawno\u015bciami<br \/>Biblioteka znajduje si\u0119 na parterze w bloku mieszkalnym<br \/>Wej\u015bcie nieprzystosowane dla w\u00f3zk\u00f3w inwalidzkich<br \/>Do wej\u015bcia prowadz\u0105 schody &#8211; 2 stopnie<br \/>Brak windy i korytarzy<br \/>Mo\u017cliwy dost\u0119p z psem asystuj\u0105cym<br \/>Mo\u017cliwo\u015b\u0107 skorzystania z t\u0142umacza j\u0119zyka migowego online.<\/p>\n<\/section>\n<section>\n<h4>Filie przy ul. Biskupiej 50 (Biblioteka dla Dzieci i M\u0142odzie\u017cy nr 42 oraz Wypo\u017cyczalnia dla Doros\u0142ych i M\u0142odzie\u017cy nr 92)<\/h4>\n<address>\n<div>Biskupia 50<\/div>\n<div>04-216 Warszawa<\/div>\n<\/address>\n<p>Brak wydzielonego miejsca parkingowego dla os\u00f3b z niepe\u0142nosprawno\u015bciami<br \/>Biblioteka znajduje si\u0119 na pi\u0119trze w pawilonie wolnostoj\u0105cym<br \/>Do wej\u015bcia prowadz\u0105 schody &#8211; 21 stopni<br \/>Brak windy i udogodnie\u0144<br \/>Mo\u017cliwy dost\u0119p z psem asystuj\u0105cym<br \/>Mo\u017cliwo\u015b\u0107 skorzystania z t\u0142umacza j\u0119zyka migowego online.<\/p>\n<\/section>\n<section>\n<h4>Filie przy ul. Meksyka\u0144skiej 3 (Biblioteka dla Dzieci i M\u0142odzie\u017cy nr 45 oraz Wypo\u017cyczalnia dla Doros\u0142ych i M\u0142odzie\u017cy nr 94)<\/h4>\n<address>\n<div>Meksyka\u0144ska 3<\/div>\n<div>03-948 Warszawa<\/div>\n<\/address>\n<p>Brak wydzielonego miejsca parkingowego dla os\u00f3b z niepe\u0142nosprawno\u015bciami<br \/>Biblioteka mie\u015bci si\u0119 na parterze w pawilonie us\u0142ugowym<br \/>Brak windy i korytarzy<br \/>Przy wej\u015bciu jest niewysoki pr\u00f3g wysoko\u015bci niskiego schodka, kt\u00f3ry \u0142\u0105czy si\u0119 z chodnikiem oraz oko\u0142o dwucentymentrowy pr\u00f3g w drugich drzwiach wej\u015bciowych<br \/>Mo\u017cliwy dost\u0119p z psem asystuj\u0105cym<br \/>Mo\u017cliwo\u015b\u0107 skorzystania z t\u0142umacza j\u0119zyka migowego online.<\/p>\n<\/section>\n<section>\n<h4>Filie przy ul. Paca 46 (Biblioteka dla Dzieci i M\u0142odzie\u017cy nr 47 oraz Wypo\u017cyczalnia dla Doros\u0142ych i M\u0142odzie\u017cy nr 40)<\/h4>\n<address>\n<div>Paca 46<\/div>\n<div>04-386 Warszawa<\/div>\n<\/address>\n<p>Brak wydzielonego miejsca parkingowego dla os\u00f3b z niepe\u0142nosprawno\u015bciami<br \/>Biblioteka mie\u015bci si\u0119 na parterze w bloku mieszkalnym<br \/>Przed wej\u015bciem do obu bibliotek znajduj\u0105 si\u0119 podjazdy dla w\u00f3zk\u00f3w inwalidzkich<br \/>Brak windy i korytarzy<br \/>Mo\u017cliwy dost\u0119p z psem asystuj\u0105cym<br \/>Mo\u017cliwo\u015b\u0107 skorzystania z t\u0142umacza j\u0119zyka migowego online.<\/p>\n<\/section>\n<section>\n<h4>Filie przy ul. Egipskiej 7 (Biblioteka dla Dzieci i M\u0142odzie\u017cy nr 55 oraz Wypo\u017cyczalnia dla Doros\u0142ych i M\u0142odzie\u017cy nr 62)<\/h4>\n<address>\n<div>Egipska 7<\/div>\n<div>03-979 Warszawa<\/div>\n<\/address>\n<p>Obok Biblioteki znajduje si\u0119 parking z miejscem wyznaczonym dla os\u00f3b z niepe\u0142nosprawno\u015bciami<br \/>Brak windy i udogodnie\u0144<br \/>Plac\u00f3wka jest usytuowana na pi\u0119trze w budynku przemys\u0142owo-us\u0142ugowym<br \/>Do Biblioteki wiedzie 25 schod\u00f3w<br \/>Mo\u017cliwy dost\u0119p z psem asystuj\u0105cym<br \/>Mo\u017cliwo\u015b\u0107 skorzystania z t\u0142umacza j\u0119zyka migowego online.<\/p>\n<\/section>\n<section>\n<h4>Filie przy ul. Abrahama 10 (Biblioteka dla Dzieci i M\u0142odzie\u017cy nr 67 oraz Wypo\u017cyczalnia dla Doros\u0142ych i M\u0142odzie\u017cy nr 110)<\/h4>\n<address>\n<div>gen. Romana Abrahama 10<\/div>\n<div>03-982 Warszawa<\/div>\n<\/address>\n<p>Brak wydzielonego miejsca parkingowego dla os\u00f3b z niepe\u0142nosprawno\u015bciami<br \/>Biblioteka jest usytuowana w budynku szkolnym na II pi\u0119trze<br \/>Brak windy i udogodnie\u0144<br \/>Mo\u017cliwy dost\u0119p z psem asystuj\u0105cym<br \/>Mo\u017cliwo\u015b\u0107 skorzystania z t\u0142umacza j\u0119zyka migowego online.<\/p>\n<\/section>\n<section>\n<h4>Filia przy al. Waszyngtona 2b (Wypo\u017cyczalnia dla Doros\u0142ych i M\u0142odzie\u017cy nr 3)<\/h4>\n<address>\n<div>Al. Jerzego Waszyngtona 2b<\/div>\n<div>03-910 Warszawa<\/div>\n<\/address>\n<p>Obok Biblioteki znajduje si\u0119 parking z miejscem wyznaczonym dla os\u00f3b z niepe\u0142nosprawno\u015bciami (ok. 40 metr\u00f3w od wej\u015bcia do plac\u00f3wki)<br \/>Biblioteka mie\u015bci si\u0119 na parterze w bloku mieszkalnym<br \/>Przed wej\u015bciem do plac\u00f3wki znajduje si\u0119 ma\u0142y pr\u00f3g. Mi\u0119dzy drzwiami zamykaj\u0105cymi Wypo\u017cyczalni\u0119 znajduj\u0105 si\u0119 dwa wysokie schodki. Do Biblioteki wiedzie korytarz.<br \/>Brak windy<br \/>Mo\u017cliwy dost\u0119p z psem asystuj\u0105cym<br \/>Mo\u017cliwo\u015b\u0107 skorzystania z t\u0142umacza j\u0119zyka migowego online.<\/p>\n<\/section>\n<section>\n<h4>Filia przy ul. Grochowskiej 118 (Wypo\u017cyczalnia dla Doros\u0142ych i M\u0142odzie\u017cy nr 18)<\/h4>\n<address>\n<div>Grochowska 118<\/div>\n<div>04-301 Warszawa<\/div>\n<\/address>\n<p>Brak wydzielonego miejsca parkingowego dla os\u00f3b z niepe\u0142nosprawno\u015bciami<br \/>Plac\u00f3wka usytuowana jest w budynku mieszkalnym na parterze<br \/>Do plac\u00f3wki wiedzie 5 schod\u00f3w<br \/>Brak windy i udogodnie\u0144<br \/>Mo\u017cliwy dost\u0119p z psem asystuj\u0105cym<br \/>Mo\u017cliwo\u015b\u0107 skorzystania z t\u0142umacza j\u0119zyka migowego online.<\/p>\n<\/section>\n<section>\n<h4>Filia przy ul. Grochowskiej 279 (Wypo\u017cyczalnia dla Doros\u0142ych i M\u0142odzie\u017cy nr 24)<\/h4>\n<address>\n<div>Grochowska 279<\/div>\n<div>03-844 Warszawa<\/div>\n<\/address>\n<p>Brak wydzielonego miejsca parkingowego dla os\u00f3b z niepe\u0142nosprawno\u015bciami<br \/>Plac\u00f3wka jest usytuowana w kamienicy na wysokim parterze<br \/>Brakuje por\u0119czy przy schodach prowadz\u0105cych do Wypo\u017cyczalni. Ciasne wej\u015bcie na klatk\u0119 schodow\u0105.<br \/>Brak windy i udogodnie\u0144<br \/>Mo\u017cliwy dost\u0119p z psem asystuj\u0105cym<br \/>Mo\u017cliwo\u015b\u0107 skorzystania z t\u0142umacza j\u0119zyka migowego online.<\/p>\n<\/section>\n<section>\n<h4>Filia przy ul. Angorskiej 14 (Wypo\u017cyczalnia dla Doros\u0142ych i M\u0142odzie\u017cy nr 66)<\/h4>\n<address>\n<div>Angorska 14<\/div>\n<div>03-913 Warszawa<\/div>\n<\/address>\n<p>Obok Biblioteki znajduje si\u0119 parking z miejscem wyznaczonym dla os\u00f3b z niepe\u0142nosprawno\u015bciami<br \/>Biblioteka mie\u015bci si\u0119 na parterze w bloku mieszkalnym<br \/>Do Biblioteki wiod\u0105 3 schodki<br \/>Brak windy i udogodnie\u0144<br \/>Mo\u017cliwy dost\u0119p z psem asystuj\u0105cym<br \/>Mo\u017cliwo\u015b\u0107 skorzystania z t\u0142umacza j\u0119zyka migowego online.<\/p>\n<\/section>\n<section>\n<h4>Filia przy ul. Majda\u0144skiej 5 (Wypo\u017cyczalnia dla Doros\u0142ych i M\u0142odzie\u017cy nr 78)<\/h4>\n<address>\n<div>Majda\u0144ska 5<\/div>\n<div>04-088 Warszawa<\/div>\n<\/address>\n<p>Brak wydzielonego miejsca parkingowego dla os\u00f3b z niepe\u0142nosprawno\u015bciami<br \/>Biblioteka mie\u015bci si\u0119 na parterze w bloku mieszkalnym<br \/>Do pomieszczenia mo\u017cna wej\u015b\u0107 z poziomu chodnika<br \/>Mo\u017cliwy dost\u0119p z psem asystuj\u0105cym<br \/>Mo\u017cliwo\u015b\u0107 skorzystania z t\u0142umacza j\u0119zyka migowego online.<\/p>\n<\/section>\n<section>\n<h4>Filia przy ul. Grochowskiej 202 (Wypo\u017cyczalnia dla Doros\u0142ych i M\u0142odzie\u017cy nr 89)<\/h4>\n<address>\n<div>Grochowska 202<\/div>\n<div>04-357 Warszawa<\/div>\n<\/address>\n<p>Brak wydzielonego miejsca parkingowego dla os\u00f3b z niepe\u0142nosprawno\u015bciami<br \/>Biblioteka mie\u015bci si\u0119 na parterze w bloku mieszkalnym<br \/>Nale\u017cy uwa\u017ca\u0107 na pr\u00f3g przy wej\u015bciu<br \/>Mo\u017cliwy dost\u0119p z psem asystuj\u0105cym<br \/>Mo\u017cliwo\u015b\u0107 skorzystania z t\u0142umacza j\u0119zyka migowego online.<\/p>\n<\/section>\n<section>\n<h4>Filia przy ul. Roz\u0142uckiej 11a (Wypo\u017cyczalnia dla Doros\u0142ych i M\u0142odzie\u017cy nr 90)<\/h4>\n<address>\n<div>Roz\u0142ucka 11a<\/div>\n<div>04-020 Warszawa<\/div>\n<\/address>\n<p>Biblioteka znajduje si\u0119 w pawilonie wolnostoj\u0105cym<br \/>Do pomieszczenia mo\u017cna wej\u015b\u0107 z poziomu chodnika<br \/>Brak wydzielonego miejsca parkingowego dla os\u00f3b z niepe\u0142nosprawno\u015bciami<br \/>Mo\u017cliwy dost\u0119p z psem asystuj\u0105cym<br \/>Mo\u017cliwo\u015b\u0107 skorzystania z t\u0142umacza j\u0119zyka migowego online.<\/p>\n<\/section>\n<section>\n<h4>Filia przy ul. Zwyci\u0119zc\u00f3w 46 (Wypo\u017cyczalnia dla Doros\u0142ych i M\u0142odzie\u017cy nr 100)<\/h4>\n<address>\n<div>Zwyci\u0119zc\u00f3w 46<\/div>\n<div>03-935 Warszawa<\/div>\n<\/address>\n<p>Brak wydzielonego miejsca parkingowego dla os\u00f3b z niepe\u0142nosprawno\u015bciami<br \/>Na pi\u0119trze w pawilonie przemys\u0142owo-us\u0142ugowym<br \/>Brak windy i udogodnie\u0144<br \/>Do Biblioteki wiod\u0105 wysokie schody<br \/>Mo\u017cliwy dost\u0119p z psem asystuj\u0105cym<br \/>Mo\u017cliwo\u015b\u0107 skorzystania z t\u0142umacza j\u0119zyka migowego online.<\/p>\n<\/section>\n<section>\n<h4>Punkt biblioteczny Grochoteka<\/h4>\n<address>\n<div>Grochowska 297<\/div>\n<div>03-842 Warszawa<\/div>\n<\/address>\n<p>Do plac\u00f3wki wiod\u0105 4 schody<br \/>Winda znajduje si\u0119 w bramie budynku<br \/>\u0141azienka dostosowana jest do potrzeb os\u00f3b z niepe\u0142nosprawno\u015bciami<br \/>Mo\u017cliwo\u015b\u0107 wst\u0119pu z psem asystuj\u0105cym<br \/>Mo\u017cliwo\u015b\u0107 skorzystania z t\u0142umacza j\u0119zyka migowego online.<\/p>\n<\/section>\n<\/section>\n<section id=\"a11y-komunikacja\">\n<h3>Dost\u0119pno\u015b\u0107 komunikacyjno-informacyjna<\/h3>\n<ul>\n<li>Jak wnioskowa\u0107 o t\u0142umacza polskiego j\u0119zyka migowego: https:\/\/bppragapd.pl\/tlumacz-polskiego-jezyka-migowego<\/li>\n<li>Informacja o naszej dzia\u0142alno\u015bci w tek\u015bcie \u0142atwym do czytania (ETR): https:\/\/bppragapd.pl\/pliki\/plik\/bp-1611063730.pdf<\/li>\n<li>Informacja o naszej dzia\u0142alno\u015bci w j\u0119zyku migowym (PJM): https:\/\/www.youtube.com\/watch?v=5NwY3ALlZ20<\/li>\n<li>Deklaracja dost\u0119pno\u015bci zosta\u0142a przygotowana w <a href=\"https:\/\/deklaracja-dostepnosci.info\/generator\">Generatorze Deklaracji Dost\u0119pno\u015bci<\/a>.<\/li>\n<\/ul>\n<\/section>\n<\/section>\n\n\n<p><\/p>\n","protected":false},"excerpt":{"rendered":"<p>Deklaracja dost\u0119pno\u015bci Biblioteka Publiczna im. Zygmunta Jana Rumla w Dzielnicy Praga-Po\u0142udnie m.st. Warszawy zobowi\u0105zuje si\u0119 zapewni\u0107 dost\u0119pno\u015b\u0107 swojej strony internetowej zgodnie z ustaw\u0105 z dnia 4 kwietnia 2019 r. o dost\u0119pno\u015bci cyfrowej stron internetowych i aplikacji mobilnych podmiot\u00f3w publicznych. Deklaracja dost\u0119pno\u015bci dotyczy strony https:\/\/bppragapd.pl\/bip\/. Data publikacji strony internetowej: 4 czerwca 2025 r. Data ostatniej istotnej [&hellip;]<\/p>\n","protected":false},"author":2,"featured_media":0,"parent":0,"menu_order":0,"comment_status":"closed","ping_status":"closed","template":"","meta":{"_acf_changed":false,"footnotes":""},"class_list":["post-17","page","type-page","status-publish","hentry"],"acf":[],"_links":{"self":[{"href":"https:\/\/bppragapd.pl\/bip\/wp-json\/wp\/v2\/pages\/17","targetHints":{"allow":["GET"]}}],"collection":[{"href":"https:\/\/bppragapd.pl\/bip\/wp-json\/wp\/v2\/pages"}],"about":[{"href":"https:\/\/bppragapd.pl\/bip\/wp-json\/wp\/v2\/types\/page"}],"author":[{"embeddable":true,"href":"https:\/\/bppragapd.pl\/bip\/wp-json\/wp\/v2\/users\/2"}],"replies":[{"embeddable":true,"href":"https:\/\/bppragapd.pl\/bip\/wp-json\/wp\/v2\/comments?post=17"}],"version-history":[{"count":7,"href":"https:\/\/bppragapd.pl\/bip\/wp-json\/wp\/v2\/pages\/17\/revisions"}],"predecessor-version":[{"id":294,"href":"https:\/\/bppragapd.pl\/bip\/wp-json\/wp\/v2\/pages\/17\/revisions\/294"}],"wp:attachment":[{"href":"https:\/\/bppragapd.pl\/bip\/wp-json\/wp\/v2\/media?parent=17"}],"curies":[{"name":"wp","href":"https:\/\/api.w.org\/{rel}","templated":true}]}}